63
List the prime factors of 39783.
3, 89, 149
What are the prime factors of 53138?
2, 163
What are the prime factors of 9223?
23, 401
List the prime factors of 11961.
3, 443
What are the prime factors of 8296?
2, 17, 61
List the prime factors of 10868.
2, 11, 13, 19
List the prime factors of 1469.
13, 113
List the prime factors of 7491.
3, 11, 227
List the prime factors of 33635.
5, 7, 31
What are the prime factors of 20500?
2, 5, 41
What are the prime factors of 87277?
87277
List the prime factors of 82388.
2, 43, 479
What are the prime factors of 5254?
2, 37, 71
List the prime factors of 2525.
5, 101
List the prime factors of 2002.
2, 7, 11, 13
List the prime factors of 30912.
2, 3, 7, 23
List the prime factors of 1073.
29, 37
List the prime factors of 40384.
2, 631
What are the prime factors of 810?
2, 3, 5
List the prime factors of 84861.
3, 7, 449
What are the prime factors of 40133?
67, 599
What are the prime factors of 2647?
2647
What are the prime factors of 1918?
2, 7, 137
What are the prime factors of 20628?
2, 3, 191
List the prime factors of 17220.
2, 3, 5, 7, 41
What are the prime factors of 53395?
5, 59, 181
List the prime factors of 2136.
2, 3, 89
List the prime factors of 20183.
20183
List the prime factors of 55509.
3, 18503
What are the prime factors of 14499?
3, 179
What are the prime factors of 283?
283
What are the prime factors of 4518?
2, 3, 251
List the prime factors of 766.
2, 383
List the prime factors of 1314.
2, 3, 73
List the prime factors of 2477.
2477
What are the prime factors of 525?
3, 5, 7
List the prime factors of 146605.
5, 109, 269
What are the prime factors of 31807?
17, 1871
List the prime factors of 21503.
21503
What are the prime factors of 1063?
1063
What are the prime factors of 11777?
11777
List the prime factors of 8384.
2, 131
What are the prime factors of 573?
3, 191
What are the prime factors of 1358?
2, 7, 97
What are the prime factors of 203?
7, 29
List the prime factors of 31534.
2, 15767
List the prime factors of 7857.
3, 97
What are the prime factors of 192?
2, 3
List the prime factors of 34687.
34687
What are the prime factors of 3127?
53, 59
What are the prime factors of 2338?
2, 7, 167
What are the prime factors of 6469?
6469
What are the prime factors of 1508?
2, 13, 29
What are the prime factors of 640?
2, 5
List the prime factors of 5410.
2, 5, 541
What are the prime factors of 7040?
2, 5, 11
List the prime factors of 13178.
2, 11, 599
List the prime factors of 4627.
7, 661
List the prime factors of 4536.
2, 3, 7
List the prime factors of 274.
2, 137
What are the prime factors of 28702?
2, 113, 127
List the prime factors of 799.
17, 47
List the prime factors of 6238.
2, 3119
What are the prime factors of 546?
2, 3, 7, 13
List the prime factors of 1659.
3, 7, 79
List the prime factors of 2964.
2, 3, 13, 19
What are the prime factors of 800?
2, 5
List the prime factors of 172061.
73, 2357
What are the prime factors of 2965?
5, 593
What are the prime factors of 14587?
29, 503
List the prime factors of 696.
2, 3, 29
List the prime factors of 53986.
2, 26993
List the prime factors of 39457.
11, 17, 211
What are the prime factors of 1616?
2, 101
List the prime factors of 5750.
2, 5, 23
List the prime factors of 103980.
2, 3, 5, 1733
What are the prime factors of 3423?
3, 7, 163
List the prime factors of 44789.
44789
What are the prime factors of 19780?
2, 5, 23, 43
List the prime factors of 6595.
5, 1319
What are the prime factors of 84237?
3, 43, 653
What are the prime factors of 4454?
2, 17, 131
List the prime factors of 52853.
17, 3109
What are the prime factors of 6593?
19, 347
What are the prime factors of 7786?
2, 17, 229
List the prime factors of 4068.
2, 3, 113
What are the prime factors of 3535?
5, 7, 101
List the prime factors of 3047.
11, 277
What are the prime factors of 2923?
37, 79
What are the prime factors of 1336?
2, 167
List the prime factors of 22045.
5, 4409
List the prime factors of 23663.
23663
What are the prime factors of 153?
3, 17
What are the prime factors of 4764?
2, 3, 397
List the prime factors of 33884.
2, 43, 197
List the prime factors of 2838.
2, 3, 11, 43
List the prime factors of 53143.
19, 2797
What are the prime factors of 86890?
2, 5, 8689
List the prime factors of 33689.
59, 571
What are the prime factors of 2048?
2
What are the prime factors of 65941?
23, 47, 61
What are the prime factors of 602?
2, 7, 43
What are the prime factors of 635?
5, 127
List the prime factors of 57659.
7, 8237
List the prime factors of 24294.
2, 3, 4049
List the prime factors of 5050.
2, 5, 101
List the prime factors of 84183.
3, 11, 2551
What are the prime factors of 4168?
2, 521
List the prime factors of 1582.
2, 7, 113
List the prime factors of 6335.
5, 7, 181
What are the prime factors of 106960?
2, 5, 7, 191
List the prime factors of 2069.
2069
List the prime factors of 9617.
59, 163
What are the prime factors of 9277?
9277
What are the prime factors of 1475?
5, 59
List the prime factors of 23060.
2, 5, 1153
List the prime factors of 16657.
16657
List the prime factors of 659.
659
What are the prime factors of 2793?
3, 7, 19
List the prime factors of 38499.
3, 41, 313
List the prime factors of 13375.
5, 107
What are the prime factors of 2899?
13, 223
What are the prime factors of 172447?
11, 61, 257
What are the prime factors of 1438?
2, 719
What are the prime factors of 9004?
2, 2251
List the prime factors of 3224.
2, 13, 31
List the prime factors of 696.
2, 3, 29
What are the prime factors of 8965?
5, 11, 163
List the prime factors of 14617.
47, 311
List the prime factors of 2045.
5, 409
List the prime factors of 71424.
2, 3, 31
What are the prime factors of 429?
3, 11, 13
List the prime factors of 1511.
1511
List the prime factors of 451.
11, 41
List the prime factors of 1994.
2, 997
What are the prime factors of 1778?
2, 7, 127
List the prime factors of 143306.
2, 79, 907
What are the prime factors of 1398?
2, 3, 233
List the prime factors of 85801.
239, 359
What are the prime factors of 72696?
2, 3, 13, 233
What are the prime factors of 24516?
2, 3, 227
What are the prime factors of 16193?
16193
List the prime factors of 1057.
7, 151
What are the prime factors of 7924?
2, 7, 283
List the prime factors of 131170.
2, 5, 13, 1009
What are the prime factors of 3409?
7, 487
What are the prime factors of 1446?
2, 3, 241
What are the prime factors of 246?
2, 3, 41
What are the prime factors of 1203?
3, 401
List the prime factors of 56621.
41, 1381
What are the prime factors of 840?
2, 3, 5, 7
What are the prime factors of 31241?
7, 4463
What are the prime factors of 6618?
2, 3, 1103
What are the prime factors of 6080?
2, 5, 19
List the prime factors of 123319.
7, 79, 223
What are the prime factors of 1223?
1223
What are the prime factors of 2483?
13, 191
What are the prime factors of 3971?
11, 19
List the prime factors of 15486.
2, 3, 29, 89
What are the prime factors of 100453?
17, 19, 311
What are the prime factors of 1680?
2, 3, 5, 7
List the prime factors of 58645.
5, 37, 317
What are the prime factors of 30923?
17, 107
List the prime factors of 31369.
13, 19, 127
What are the prime factors of 11954?
2, 43, 139
List the prime factors of 2830.
2, 5, 283
What are the prime factors of 1484?
2, 7, 53
List the prime factors of 41756.
2, 11, 13, 73
List the prime factors of 128198.
2, 7, 9157
What are the prime factors of 30465?
3, 5, 677
What are the prime factors of 2044?
2, 7, 73
What are the prime factors of 5182?
2, 2591
What are the prime factors of 24189?
3, 11, 733
List the prime factors of 1459.
1459
What are the prime factors of 14842?
2, 41, 181
What are the prime factors of 6003?
3, 23, 29
What are the prime factors of 6504?
2, 3, 271
List the prime factors of 5574.
2, 3, 929
List the prime factors of 2763.
3, 307
List the prime factors of 21379.
21379
List the prime factors of 2243.
2243
What are the prime factors of 7898?
2, 11, 359
What are the prime factors of 11094?
2, 3, 43
What are the prime factors of 1687?
7, 241
List the prime factors of 29592.
2, 3, 137
What are the prime factors of 1981?
7, 283
List the prime factors of 3126.
2, 3, 521
List the prime factors of 29697.
3, 19, 521
What are the prime factors of 3670?
2, 5, 367
What are the prime f